be k(10). Suppose 0 = -y - y + c. What is the highest common factor of 126 and y?
14
Suppose 8*a = 5*a + 12. What is the highest common divisor of a and 2?
2
Let k(h) = -h + 12. Let g be k(10). Suppose -4*t - 12 = -4*m, -5*m + g*t + 12 = -0*m. Suppose -18 = -0*x - m*x. What is the highest common divisor of 9 and x?
9
Suppose -2*v + 2 = -8. Suppose -4 = 4*h, v*z - 33 - 53 = h. Let d(g) = -19*g + 9. Let i be d(-4). Calculate the highest common divisor of z and i.
17
Suppose 76 = 4*n - 2*n. Calculate the highest common divisor of n and 38.
38
Suppose 4 = 2*i, -5*m + 2*i + 52 = 3*i. What is the greatest common factor of 4 and m?
2
Let p be 3/((2/102)/(6/54)). What is the greatest common factor of 221 and p?
17
Suppose -4*v + 6 = -4*n - 66, 0 = -3*v - 3*n + 72. Let q = v + -10. Calculate the highest common divisor of 11 and q.
11
Suppose 8*y - 3*y - 5 = 0. What is the highest common factor of y and 3?
1
Let k = -118 - -195. Calculate the greatest common divisor of 11 and k.
11
Let s = -67 - -121. Let h = 64 + -28. What is the highest common divisor of h and s?
18
Suppose 4*c + o = -487, 0*c + 2*o = 5*c + 612. Let h = -13 - c. Let i = -5 + h. Calculate the greatest common divisor of 13 and i.
13
Let r = 11 + -7. Suppose 0 = r*q - 274 - 26. Calculate the highest common divisor of 15 and q.
15
Suppose -2*f - 4*j + 33 = -f, -2*f - 5*j = -66. Let i be 4/22 - (-2469)/f. Let r be (-4)/((-12)/i) - -1. What is the greatest common divisor of 39 and r?
13
Let q be 0/2 - 0 - -2. Let p be ((-18)/(-12))/(1/(-22)). Let w = 47 + p. Calculate the highest common divisor of w and q.
2
Let d = 30 - 8. Calculate the greatest common divisor of d and 22.
22
Let f = 14 - 6. Let r = -4 - f. Let s be 1 - 2 - (-2 + r). What is the highest common factor of s and 143?
13
Suppose 5*i - 55 - 5 = 0. What is the greatest common factor of i and 60?
12
Let s(x) = -48*x**3 - x**2 - 2*x - 1. Let k = -5 + 4. Let z be s(k). Calculate the highest common divisor of 6 and z.
6
Let o(a) = -4*a + 48. Let w be o(-12). What is the greatest common factor of w and 64?
32
Suppose -5*c = 2*y - 30, 0 = -0*c + 3*c - 12. Suppose 10 = -y*p, r + 3*p + 25 = 2*r. Calculate the highest common divisor of 76 and r.
19
Let v(u) be the first derivative of u**3/3 + 2*u**2 + 2*u - 2. Let c be -3*1*8/6. Let a be v(c). Calculate the highest common divisor of a and 18.
2
Suppose 10 = 2*j - 40. Suppose x + x = 5*s + 47, 5*s = -j. What is the highest common divisor of 11 and x?
11
Suppose -4*r = -h + 53 + 26, 4*h - 4*r = 364. What is the highest common factor of 5 and h?
5
Let i be -4 - (3 + (1 - 43)). Calculate the highest common divisor of i and 245.
35
Let n(g) = -g**2 - 4*g - 3. Let l be n(-3). Let j = 1 + 4. Let x = l + j. Calculate the highest common factor of x and 40.
5
Let h(s) = s**3 + s**2 - 7*s + 4. Let a be h(-3). Calculate the highest common factor of a and 77.
7
Let z(k) = 2*k - 12. Let d be z(8). Let w = 315 - 195. Suppose 4 = q, 0 = -r - r - d*q + w. What is the greatest common factor of 13 and r?
13
Let t be 2/5 + 140/25. Let h be (t/(-7))/((-3)/21). Suppose h = 2*n - 14. What is the highest common divisor of 2 and n?
2
Suppose -151 = -4*h - 31. Let u = -7 + 9. Let f be 4 - u/(-4)*4. What is the greatest common divisor of h and f?
6
Let d = 67 - 45. What is the greatest common factor of d and 110?
22
Suppose 0 = -4*b + 3 + 5. Suppose -w - 3*w + 148 = 0. Suppose 0 = -2*o + g + w, 2*g = -2*o - 0*o + 34. Calculate the highest common divisor of o and b.
2
Suppose 0 = 3*j + j - 64. Let t = j + -13. What is the highest common divisor of 3 and t?
3
Let v be 33/(-55) + (-16)/(-10). Let g(m) = 8*m**3 - m + 1. Let y be g(1). Calculate the greatest common factor of y and v.
1
Let r(w) = -w**3 - 2*w**2 - 4*w - 7. Let t be r(-3). Let v = -191 + 303. Calculate the highest common factor of v and t.
14
Suppose 7*m = -14 + 105. Let z be 518/8 - (-3)/12. What is the greatest common divisor of m and z?
13
Let h be 2/(-5) + 672/30. What is the greatest common factor of h and 33?
11
Let g = -178 - -250. Calculate the highest common factor of 96 and g.
24
Let y(d) = d**3 - 4*d**2 + 2*d + 1. Let a be y(4). Suppose -6*p + 3*p + 9 = 0. What is the highest common divisor of p and a?
3
Suppose l = -0*l + 54. Suppose 93 = 3*h - 5*i, -4*i = 4*h - 9*i - 129. Calculate the greatest common factor of h and l.
18
Let z = -26 - -56. Let n be ((-8)/12)/(-2)*z. What is the highest common factor of 70 and n?
10
Suppose p = 2*y + 9, -2*y + 19 - 3 = 4*p. Suppose -3*f + 7*f = 0. Suppose f*a - 30 = -a. Calculate the highest common divisor of p and a.
5
Let a be (-10)/(-2) - (-15)/1. Let j = 464 + -324. What is the greatest common factor of a and j?
20
Let a(c) = 0*c + 2 - 2*c + 0*c - 2*c. Let f be a(-3). What is the greatest common factor of 84 and f?
14
Let u be (6/3)/(2 + -1) - -9. Calculate the highest common divisor of 44 and u.
11
Suppose 2*x = 9 + 3. Let u be 15/(-4)*(-64)/x. What is the highest common divisor of 100 and u?
20
Let y be 9/(-15) + 183/5. What is the highest common factor of 36 and y?
36
Let i = 91 + -59. What is the highest common factor of i and 64?
32
Let u(b) = -36*b + 4*b - 6*b - 27*b - 1. Let m be u(-1). Suppose 0*q - 4*q + 3*h + 38 = 0, 3*q = 4*h + 32. What is the highest common factor of m and q?
8
Let v be -3 + 0 + 2 - -3. Suppose g - 11 = -4*h, 0 = h + 3*h + v*g - 10. Let u = 69 - 36. Calculate the greatest common divisor of h and u.
3
Let f be (-2)/((-3)/6*1). Let d be 4/(-2)*(f - 5). Calculate the greatest common factor of 2 and d.
2
Let o = -5 - -8. Suppose 3*v + 15 = 0, -o*v + 1 = -2*w - 4*v. What is the greatest common divisor of 10 and w?
2
Suppose -478 + 1438 = 12*x. What is the highest common divisor of x and 10?
10
Let y be (-6)/4 + 94/4. What is the highest common factor of y and 11?
11
Suppose -i - 26 = -4*n, -2*i + n - 32 = -i. Let d = i - -54. Let z be ((-10)/(-4))/((-3)/(-6)). What is the highest common factor of d and z?
5
Let y(b) = -b**2 + 22*b + 24. Let k be y(23). Let s = 6 + -2. Let l = 8 - s. Calculate the highest common divisor of l and k.
1
Let a(b) = -99*b**3 - 2*b**2 - b. Suppose -1 = v - 0. Let h be a(v). What is the highest common divisor of 14 and h?
14
Let b = -12 - -19. Let k(f) = 5*f**2 - 3 - 2*f**2 - 4*f**2 + 2*f**2 - 9*f. Let u be k(13). Calculate the highest common divisor of b and u.
7
Let b(k) = -22*k - 15. Let w be b(-6). Calculate the greatest common factor of w and 9.
9
Suppose 0 = -4*s + 7 + 1. Suppose s*t = 5*g + 20, 9*t - 77 = 4*t - g. Calculate the greatest common divisor of t and 45.
15
Let y(m) = 5*m**3 - 15*m**2 + 11*m + 13. Let b(l) = -l**3 + l**2. Let c(x) = -4*b(x) - y(x). Let k be c(9). What is the highest common divisor of k and 10?
10
Suppose l - 20 = -4*l. Let j be l/1 - 2/(-1). Let f(a) = -a - 5. Let v be f(-7). Calculate the greatest common divisor of j and v.
2
Suppose -z = 1, -f - 4*z + 172 + 85 = 0. What is the greatest common divisor of f and 29?
29
Let j be 0 - (3 + 4 + -17). What is the greatest common factor of j and 2?
2
Suppose -4*p - 118 = -3*c + 63, -p + 65 = c. Suppose -3*t - c = -4*t. Calculate the highest common factor of 9 and t.
9
Suppose 2*d + 4*s - 10 = 7*s, 4*d - 5*s - 18 = 0. What is the highest common factor of d and 38?
2
Suppose -j + 11 = 2*y - 4*y, 3*j - 4*y - 37 = 0. Let u be 1/(-2)*6 - -3. Suppose 3*n - 44 - 136 = u. What is the greatest common divisor of j and n?
15
Suppose -p = -3*p + 36. Suppose k = -0*k + 29. Let v = k - p. What is the greatest common factor of 77 and v?
11
Suppose -4*c - 2*q = -4, 0 = -5*c - q - 3 + 14. Let n be c*2 + 2/1. What is the greatest common divisor of n and 40?
8
Let o = -3 + 5. Let t be 1 + o - (-3 - -2). Suppose -7 - 17 = -3*r. What is the highest common divisor of t and r?
4
Suppose 5*t = 2*z - 3*z + 45, 30 = 2*z - 2*t. Calculate the greatest common factor of z and 220.
20
Let a(z) = -z**2 - 4*z + 2. Let i be a(-4). Suppose -p = -i*u + 2*p + 38, u = 2*p + 20. Calculate the greatest common factor of u and 112.
16
Suppose 4*s - v = 452 - 13, -219 = -2*s + v. Calculate the greatest common factor of s and 44.
22
Let d(v) = v**3 - 8*v**2 - 10*v + 3. Let f be d(9). Let b = f + 16. Calculate the greatest common divisor of 90 and b.
10
Let b be 2*(0 - 5/2). Let f be b/((-10)/(-24))*-2. Let z = 38 + 